{"id":205,"date":"2023-10-16T09:59:02","date_gmt":"2023-10-16T09:59:02","guid":{"rendered":"https:\/\/elegant-leavitt.212-227-154-71.plesk.page\/Judobaboon\/?post_type=product&#038;p=205"},"modified":"2025-10-06T13:51:45","modified_gmt":"2025-10-06T13:51:45","slug":"_001","status":"publish","type":"product","link":"https:\/\/judobaboon.com\/index.php\/producto\/_001\/","title":{"rendered":"_001"},"content":{"rendered":"","protected":false},"excerpt":{"rendered":"<p style=\"text-align: left;\"><strong>001\u00a0 Judoka<\/strong><strong>Boy<\/strong><\/p>\n<p><em>Nos pareci\u00f3 divertido que nuestro Judoka se viese por delante y por detr\u00e1s, como si la camiseta fuese transparente y \u00e9l fuese uno m\u00e1s.<\/em><\/p>\n<hr \/>\n<p>DETAILS<\/p>\n<pre>- 100% algod\u00f3n premium de 210g\r\n\r\n<span style=\"color: #000000;\">- Nuestro monito y nombre Bordado delante y espalda<\/span>\r\n\r\n<span style=\"color: #000000;\">- Print Digital delante y espalda.<\/span>\r\n\r\n<span style=\"color: #000000;\">- Lavar a 30\u00ba m\u00e1ximo<\/span>\r\n\r\n<\/pre>\n","protected":false},"featured_media":303,"template":"","meta":[],"product_brand":[],"product_cat":[15],"product_tag":[],"class_list":{"0":"post-205","1":"product","2":"type-product","3":"status-publish","4":"has-post-thumbnail","6":"product_cat-15","8":"first","9":"outofstock","10":"featured","11":"taxable","12":"shipping-taxable","13":"purchasable","14":"product-type-variable"},"yoast_head":"<!-- This site is optimized with the Yoast SEO plugin v27.3 - https:\/\/yoast.com\/product\/yoast-seo-wordpress\/ -->\n<title>_001 - JUDOBABOON<\/title>\n<meta name=\"robots\" content=\"index, follow, max-snippet:-1, max-image-preview:large, max-video-preview:-1\" \/>\n<link rel=\"canonical\" href=\"https:\/\/judobaboon.com\/index.php\/producto\/_001\/\" \/>\n<meta property=\"og:locale\" content=\"es_ES\" \/>\n<meta property=\"og:type\" content=\"article\" \/>\n<meta property=\"og:title\" content=\"_001 - JUDOBABOON\" \/>\n<meta property=\"og:description\" content=\"001\u00a0 JudokaBoy Nos pareci\u00f3 divertido que nuestro Judoka se viese por delante y por detr\u00e1s, como si la camiseta fuese transparente y \u00e9l fuese uno m\u00e1s.    DETAILS - 100% algod\u00f3n premium de 210g  - Nuestro monito y nombre Bordado delante y espalda  - Print Digital delante y espalda.  - Lavar a 30\u00ba m\u00e1ximo\" \/>\n<meta property=\"og:url\" content=\"https:\/\/judobaboon.com\/index.php\/producto\/_001\/\" \/>\n<meta property=\"og:site_name\" content=\"JUDOBABOON\" \/>\n<meta property=\"article:modified_time\" content=\"2025-10-06T13:51:45+00:00\" \/>\n<meta property=\"og:image\" content=\"https:\/\/judobaboon.com\/wp-content\/uploads\/2023\/10\/JB01-DELANTE-CUADRADO--scaled.jpg\" \/>\n\t<meta property=\"og:image:width\" content=\"2553\" \/>\n\t<meta property=\"og:image:height\" content=\"2560\" \/>\n\t<meta property=\"og:image:type\" content=\"image\/jpeg\" \/>\n<meta name=\"twitter:card\" content=\"summary_large_image\" \/>\n<script type=\"application\/ld+json\" class=\"yoast-schema-graph\">{\"@context\":\"https:\\\/\\\/schema.org\",\"@graph\":[{\"@type\":\"WebPage\",\"@id\":\"https:\\\/\\\/judobaboon.com\\\/index.php\\\/producto\\\/_001\\\/\",\"url\":\"https:\\\/\\\/judobaboon.com\\\/index.php\\\/producto\\\/_001\\\/\",\"name\":\"_001 - JUDOBABOON\",\"isPartOf\":{\"@id\":\"https:\\\/\\\/judobaboon.com\\\/#website\"},\"primaryImageOfPage\":{\"@id\":\"https:\\\/\\\/judobaboon.com\\\/index.php\\\/producto\\\/_001\\\/#primaryimage\"},\"image\":{\"@id\":\"https:\\\/\\\/judobaboon.com\\\/index.php\\\/producto\\\/_001\\\/#primaryimage\"},\"thumbnailUrl\":\"https:\\\/\\\/judobaboon.com\\\/wp-content\\\/uploads\\\/2023\\\/10\\\/JB01-DELANTE-CUADRADO--scaled.jpg\",\"datePublished\":\"2023-10-16T09:59:02+00:00\",\"dateModified\":\"2025-10-06T13:51:45+00:00\",\"breadcrumb\":{\"@id\":\"https:\\\/\\\/judobaboon.com\\\/index.php\\\/producto\\\/_001\\\/#breadcrumb\"},\"inLanguage\":\"es\",\"potentialAction\":[{\"@type\":\"ReadAction\",\"target\":[\"https:\\\/\\\/judobaboon.com\\\/index.php\\\/producto\\\/_001\\\/\"]}]},{\"@type\":\"ImageObject\",\"inLanguage\":\"es\",\"@id\":\"https:\\\/\\\/judobaboon.com\\\/index.php\\\/producto\\\/_001\\\/#primaryimage\",\"url\":\"https:\\\/\\\/judobaboon.com\\\/wp-content\\\/uploads\\\/2023\\\/10\\\/JB01-DELANTE-CUADRADO--scaled.jpg\",\"contentUrl\":\"https:\\\/\\\/judobaboon.com\\\/wp-content\\\/uploads\\\/2023\\\/10\\\/JB01-DELANTE-CUADRADO--scaled.jpg\",\"width\":2553,\"height\":2560},{\"@type\":\"BreadcrumbList\",\"@id\":\"https:\\\/\\\/judobaboon.com\\\/index.php\\\/producto\\\/_001\\\/#breadcrumb\",\"itemListElement\":[{\"@type\":\"ListItem\",\"position\":1,\"name\":\"Ropa de Judo\",\"item\":\"https:\\\/\\\/judobaboon.com\\\/\"},{\"@type\":\"ListItem\",\"position\":2,\"name\":\"_001\"}]},{\"@type\":\"WebSite\",\"@id\":\"https:\\\/\\\/judobaboon.com\\\/#website\",\"url\":\"https:\\\/\\\/judobaboon.com\\\/\",\"name\":\"JUDOBABOON\",\"description\":\"The judoka who sweats more in training bleeds less in battle\",\"publisher\":{\"@id\":\"https:\\\/\\\/judobaboon.com\\\/#organization\"},\"potentialAction\":[{\"@type\":\"SearchAction\",\"target\":{\"@type\":\"EntryPoint\",\"urlTemplate\":\"https:\\\/\\\/judobaboon.com\\\/?s={search_term_string}\"},\"query-input\":{\"@type\":\"PropertyValueSpecification\",\"valueRequired\":true,\"valueName\":\"search_term_string\"}}],\"inLanguage\":\"es\"},{\"@type\":\"Organization\",\"@id\":\"https:\\\/\\\/judobaboon.com\\\/#organization\",\"name\":\"JUDOBABOON\",\"url\":\"https:\\\/\\\/judobaboon.com\\\/\",\"logo\":{\"@type\":\"ImageObject\",\"inLanguage\":\"es\",\"@id\":\"https:\\\/\\\/judobaboon.com\\\/#\\\/schema\\\/logo\\\/image\\\/\",\"url\":\"https:\\\/\\\/judobaboon.com\\\/wp-content\\\/uploads\\\/2023\\\/10\\\/cropped-LOGO-JUDO-BABOON-REGISTRO-1.png\",\"contentUrl\":\"https:\\\/\\\/judobaboon.com\\\/wp-content\\\/uploads\\\/2023\\\/10\\\/cropped-LOGO-JUDO-BABOON-REGISTRO-1.png\",\"width\":1129,\"height\":839,\"caption\":\"JUDOBABOON\"},\"image\":{\"@id\":\"https:\\\/\\\/judobaboon.com\\\/#\\\/schema\\\/logo\\\/image\\\/\"},\"sameAs\":[\"https:\\\/\\\/www.instagram.com\\\/judobaboon\\\/\"]}]}<\/script>\n<!-- \/ Yoast SEO plugin. -->","yoast_head_json":{"title":"_001 - JUDOBABOON","robots":{"index":"index","follow":"follow","max-snippet":"max-snippet:-1","max-image-preview":"max-image-preview:large","max-video-preview":"max-video-preview:-1"},"canonical":"https:\/\/judobaboon.com\/index.php\/producto\/_001\/","og_locale":"es_ES","og_type":"article","og_title":"_001 - JUDOBABOON","og_description":"001\u00a0 JudokaBoy Nos pareci\u00f3 divertido que nuestro Judoka se viese por delante y por detr\u00e1s, como si la camiseta fuese transparente y \u00e9l fuese uno m\u00e1s.    DETAILS - 100% algod\u00f3n premium de 210g  - Nuestro monito y nombre Bordado delante y espalda  - Print Digital delante y espalda.  - Lavar a 30\u00ba m\u00e1ximo","og_url":"https:\/\/judobaboon.com\/index.php\/producto\/_001\/","og_site_name":"JUDOBABOON","article_modified_time":"2025-10-06T13:51:45+00:00","og_image":[{"width":2553,"height":2560,"url":"https:\/\/judobaboon.com\/wp-content\/uploads\/2023\/10\/JB01-DELANTE-CUADRADO--scaled.jpg","type":"image\/jpeg"}],"twitter_card":"summary_large_image","schema":{"@context":"https:\/\/schema.org","@graph":[{"@type":"WebPage","@id":"https:\/\/judobaboon.com\/index.php\/producto\/_001\/","url":"https:\/\/judobaboon.com\/index.php\/producto\/_001\/","name":"_001 - JUDOBABOON","isPartOf":{"@id":"https:\/\/judobaboon.com\/#website"},"primaryImageOfPage":{"@id":"https:\/\/judobaboon.com\/index.php\/producto\/_001\/#primaryimage"},"image":{"@id":"https:\/\/judobaboon.com\/index.php\/producto\/_001\/#primaryimage"},"thumbnailUrl":"https:\/\/judobaboon.com\/wp-content\/uploads\/2023\/10\/JB01-DELANTE-CUADRADO--scaled.jpg","datePublished":"2023-10-16T09:59:02+00:00","dateModified":"2025-10-06T13:51:45+00:00","breadcrumb":{"@id":"https:\/\/judobaboon.com\/index.php\/producto\/_001\/#breadcrumb"},"inLanguage":"es","potentialAction":[{"@type":"ReadAction","target":["https:\/\/judobaboon.com\/index.php\/producto\/_001\/"]}]},{"@type":"ImageObject","inLanguage":"es","@id":"https:\/\/judobaboon.com\/index.php\/producto\/_001\/#primaryimage","url":"https:\/\/judobaboon.com\/wp-content\/uploads\/2023\/10\/JB01-DELANTE-CUADRADO--scaled.jpg","contentUrl":"https:\/\/judobaboon.com\/wp-content\/uploads\/2023\/10\/JB01-DELANTE-CUADRADO--scaled.jpg","width":2553,"height":2560},{"@type":"BreadcrumbList","@id":"https:\/\/judobaboon.com\/index.php\/producto\/_001\/#breadcrumb","itemListElement":[{"@type":"ListItem","position":1,"name":"Ropa de Judo","item":"https:\/\/judobaboon.com\/"},{"@type":"ListItem","position":2,"name":"_001"}]},{"@type":"WebSite","@id":"https:\/\/judobaboon.com\/#website","url":"https:\/\/judobaboon.com\/","name":"JUDOBABOON","description":"The judoka who sweats more in training bleeds less in battle","publisher":{"@id":"https:\/\/judobaboon.com\/#organization"},"potentialAction":[{"@type":"SearchAction","target":{"@type":"EntryPoint","urlTemplate":"https:\/\/judobaboon.com\/?s={search_term_string}"},"query-input":{"@type":"PropertyValueSpecification","valueRequired":true,"valueName":"search_term_string"}}],"inLanguage":"es"},{"@type":"Organization","@id":"https:\/\/judobaboon.com\/#organization","name":"JUDOBABOON","url":"https:\/\/judobaboon.com\/","logo":{"@type":"ImageObject","inLanguage":"es","@id":"https:\/\/judobaboon.com\/#\/schema\/logo\/image\/","url":"https:\/\/judobaboon.com\/wp-content\/uploads\/2023\/10\/cropped-LOGO-JUDO-BABOON-REGISTRO-1.png","contentUrl":"https:\/\/judobaboon.com\/wp-content\/uploads\/2023\/10\/cropped-LOGO-JUDO-BABOON-REGISTRO-1.png","width":1129,"height":839,"caption":"JUDOBABOON"},"image":{"@id":"https:\/\/judobaboon.com\/#\/schema\/logo\/image\/"},"sameAs":["https:\/\/www.instagram.com\/judobaboon\/"]}]}},"jetpack_sharing_enabled":true,"_links":{"self":[{"href":"https:\/\/judobaboon.com\/index.php\/wp-json\/wp\/v2\/product\/205","targetHints":{"allow":["GET"]}}],"collection":[{"href":"https:\/\/judobaboon.com\/index.php\/wp-json\/wp\/v2\/product"}],"about":[{"href":"https:\/\/judobaboon.com\/index.php\/wp-json\/wp\/v2\/types\/product"}],"wp:featuredmedia":[{"embeddable":true,"href":"https:\/\/judobaboon.com\/index.php\/wp-json\/wp\/v2\/media\/303"}],"wp:attachment":[{"href":"https:\/\/judobaboon.com\/index.php\/wp-json\/wp\/v2\/media?parent=205"}],"wp:term":[{"taxonomy":"product_brand","embeddable":true,"href":"https:\/\/judobaboon.com\/index.php\/wp-json\/wp\/v2\/product_brand?post=205"},{"taxonomy":"product_cat","embeddable":true,"href":"https:\/\/judobaboon.com\/index.php\/wp-json\/wp\/v2\/product_cat?post=205"},{"taxonomy":"product_tag","embeddable":true,"href":"https:\/\/judobaboon.com\/index.php\/wp-json\/wp\/v2\/product_tag?post=205"}],"curies":[{"name":"wp","href":"https:\/\/api.w.org\/{rel}","templated":true}]}}